site?
False
Is 771853 a prime number?
True
Is 2023597 prime?
True
Is 627433 a composite number?
False
Is 275533 a composite number?
True
Is 11633 prime?
True
Is 1757 composite?
True
Is 152879 a prime number?
True
Is 36263 prime?
True
Is 10033 prime?
False
Is 2951545 composite?
True
Is 38501 a composite number?
False
Is 125617 a composite number?
False
Is 81409 prime?
True
Is 5027 prime?
False
Is 3107 composite?
True
Is 6119 a prime number?
False
Is 159107 prime?
False
Is 1823735 a prime number?
False
Is 3223 composite?
True
Is 13841 composite?
False
Is 77207 prime?
False
Is 87307 composite?
True
Is 6217 a composite number?
False
Is 8329 a prime number?
True
Is 608459 a composite number?
False
Is 35051 a prime number?
True
Is 1008107 a prime number?
False
Is 913 a prime number?
False
Is 491 prime?
True
Is 266153 prime?
True
Is 7061 a composite number?
True
Is 113299 a prime number?
False
Is 1738043 a prime number?
True
Is 33017 a composite number?
True
Is 588619 a prime number?
True
Is 253343 composite?
False
Is 235043 a prime number?
True
Is 2631 a prime number?
False
Is 359353 a prime number?
True
Is 400597 a composite number?
False
Is 421089 prime?
False
Is 45831 prime?
False
Is 265891 prime?
True
Is 9089 a composite number?
True
Is 5711 a prime number?
True
Is 6283 a composite number?
True
Is 125639 prime?
True
Is 159981 a composite number?
True
Is 50665 composite?
True
Is 1411 a composite number?
True
Is 204037 prime?
False
Is 5063469 composite?
True
Is 35797 prime?
True
Is 10599 a prime number?
False
Is 571133 composite?
False
Is 2791837 prime?
True
Is 16039 composite?
True
Is 3761 a composite number?
False
Is 346733 composite?
True
Is 704386 a prime number?
False
Is 6803 a prime number?
True
Is 210497 composite?
True
Is 14969 prime?
True
Is 4271 composite?
False
Is 631979 a composite number?
False
Is 444073 composite?
True
Is 5539 a prime number?
False
Is 85991 a prime number?
True
Is 1255921 composite?
True
Is 403169 prime?
False
Is 157123 composite?
True
Is 763099 a prime number?
False
Is 392893 a composite number?
False
Is 23717 prime?
False
Is 485447 a prime number?
True
Is 26801 composite?
False
Is 539339 prime?
True
Is 8161 a prime number?
True
Is 10841 composite?
True
Is 65669 a composite number?
True
Is 4283 composite?
False
Is 10261 a prime number?
False
Is 5021 prime?
True
Is 656437 a prime number?
False
Is 202931 a composite number?
False
Is 142498 prime?
False
Is 9235 a prime number?
False
Is 29009 a prime number?
True
Is 10687 a prime number?
True
Is 964823 a prime number?
True
Is 31769 a composite number?
False
Is 4049 a prime number?
True
Is 19597 composite?
False
Is 14813 a prime number?
True
Is 50401 a prime number?
False
Is 55889 a prime number?
True
Is 36991 prime?
False
Is 994297 prime?
True
Is 5667 composite?
True
Is 1561 prime?
False
Is 154367 composite?
True
Is 19567 prime?
False
Is 65167 a composite number?
False
Is 7853 a composite number?
False
Is 1973 a prime number?
True
Is 30145 a prime number?
False
Is 322547 a composite number?
True
Is 103387 a prime number?
True
Is 4553 a prime number?
False
Is 152257 a composite number?
True
Is 10973 prime?
True
Is 139033 prime?
True
Is 163853 prime?
True
Is 360089 prime?
True
Is 209011 a composite number?
True
Is 895 a prime number?
False
Is 2278561 composite?
True
Is 867271 a prime number?
True
Is 7166 a prime number?
False
Is 91193 composite?
False
Is 14051 a composite number?
False
Is 967 composite?
False
Is 7233 a prime number?
False
Is 37931 a composite number?
True
Is 12687 a composite number?
True
Is 8909 a composite number?
True
Is 6459 a composite number?
True
Is 16447 prime?
True
Is 11207 a composite number?
True
Is 16669 prime?
False
Is 199181 a composite number?
False
Is 6947 a composite number?
False
Is 43333 prime?
False
Is 562441 composite?
True
Is 265 a composite number?
True
Is 168221 composite?
True
Is 304211 a composite number?
False
Is 181465 a prime number?
False
Is 15311 composite?
True
Is 484171 a composite number?
False
Is 42553 composite?
True
Is 4127 composite?
False
Is 3641 a prime number?
False
Is 84499 prime?
True
Is 3427 prime?
False
Is 12611 composite?
False
Is 108713 composite?
True
Is 416333 a prime number?
True
Is 6143 a composite number?
False
Is 30922 a composite number?
True
Is 3109 prime?
True
Is 1848683 a prime number?
False
Is 4577 a composite number?
True
Is 350783 prime?
True
Is 515191 a composite number?
False
Is 32881 prime?
False
Is 11677 prime?
True
Is 12653 a prime number?
True
Is 1889 composite?
False
Is 7283 a prime number?
True
Is 3037 composite?
False
Is 14281 prime?
True
Is 3239 prime?
False
Is 1439 prime?
True
Is 55291 prime?
True
Is 3409 a composite number?
True
Is 679067 a composite number?
False
Is 6321505 a composite number?
True
Is 127297 a composite number?
False
Is 240181 a prime number?
False
Is 139361 prime?
True
Is 84983 composite?
True
Is 3095 a prime number?
False
Is 1277201 a prime number?
False
Is 192943 a composite number?
True
Is 79997 a composite number?
False
Is 41663 prime?
False
Is 16571 a prime number?
False
Is 50111 a composite number?
False
Is 184373 a composite number?
True
Is 30237 a prime number?
False
Is 83113 composite?
True
Is 17067 a composite number?
True
Is 84613 composite?
True
Is 101221 composite?
False
Is 12683 a composite number?
True
Is 459593 prime?
True
Is 17693 a prime number?
False
Is 1259 a prime number?
True
Is 2056606 a composite number?
True
Is 3563062 a prime number?
False
Is 1720187 prime?
False
Is 452393 a prime number?
True
Is 1618703 a composite number?
False
Is 171233 composite?
False
Is 249137 a composite number?
True
Is 11821 composite?
False
Is 9767 a composite number?
False
Is 1440199 a composite number?
True
Is 2170289 a prime number?
False
Is 208577 a prime number?
True
Is 1115 a prime number?
False
Is 53182 prime?
False
Is 709 a composite number?
False
Is 292627 a prime number?
True
Is 20317 prime?
False
Is 6289 composite?
True
Is 39085 a prime number?
False
Is 1900205 a composite number?
True
Is 456415 prime?
False
Is 452497 a prime number?
True
Is 42095 a composite number?
True
Is 247795 composite?
True
Is 1051673 a prime number?
False
Is 635 composite?
True
Is 324671 a prime number?
False
Is 94391 a prime number?
False
Is 3808759 a prime number?
False
Is 16691 prime?
True
Is 29135 a prime number?
False
Is 127637 a composite number?
False
Is 14809 prime?
False
Is 3967 composite?
False
Is 857101 composite?
True
Is 3271 a prime number?
True
Is 3961 prime?
False
Is 22381 prime?
True
Is 19489 composite?
False
Is 14677 a composite number?
True
Is 3433 composite?
False
Is 4193 composite?
True
Is 84857 a composite number?
False
Is 1149017 prime?
True
Is 32363 composite?
False
Is 82226 a composite number?
True
Is 180701 prime?
True
Is 91157 prime?
False
Is 912631 a composite number?
False
Is 2314685 a composite number?
True
Is 32987 prime?
True
Is 4679 prime?
True
Is 2033 prime?
False
Is 3809 composite?
True
Is 53591 composite?
False
Is 138679 prime?
True
Is 260647 prime?
True
Is 68657 a prime number?
False
Is 7509 composite?
True
Is 83023 a composite number?
False
Is 251861 prime?
True
Is 5269 a prime number?
False
Is 92047 a prime number?
False
Is 360497 a composite number?
False
Is 478 prime?
False
Is 801883 a prime number?
True
Is 4963 prime?
False
Is 12187 a prime number?
False
Is 108067 prime?
False
Is 155501 composite?
False
Is 107881 composite?
False
Is 227663 composite?
False
Is 434951 a composite number?
True
Is 38593 prime?
True
Is 6329 composite?
False
Is 562433 a prime number?
False
Is 22853 prime?
True
Is 15511 a prime number?
True
Is 5357 a prime number?
False
Is 875261 prime?
True
Is 234527 composite?
False
Is 5639 a prime number?
True
Is 5669 composite?
False
Is 201781 a composite number?
False
Is 358313 a prime number?
True
Is 51031 a composite number?
False
Is 15839 composite?
True
Is 2003 prime?
True
Is 3317 prime?
False
Is 5959 a composite number?
True
Is 12335 prime?
False
Is 173473 a composite number?
False
Is 15559 a composite number?
False
Is 171155 prime?
False
Is 10677 prime?
False
Is 697 a composite number?
True
Is 24359 a composite number?
False
Is 7647 a composite number?
True
Is 2203 composite?
False
Is 3427 a prime number?
False
Is